pose 2*t = -3*l + 57, 5*t - l = z*l + 90. What are the prime factors of t?
3, 7
Let h(j) = j**2 - 5*j + 9. Let k be h(4). Let d(t) = 22*t - 3. What are the prime factors of d(k)?
107
Let k = 21 - 5. Let j be 1/(-2) - 216/k. What are the prime factors of (-136)/(-14) + j/(-49)?
2, 5
Let g = -86 + 292. List the prime factors of g.
2, 103
Suppose -72*m = -49273 - 5663. List the prime factors of m.
7, 109
Suppose -5*c + 0*x - 2*x = 33, 0 = -4*x + 4. Let q be -10 - c/(7/2). Let r = q - -79. List the prime factors of r.
71
Suppose -7*t - 180 = -3981. List the prime factors of t.
3, 181
Let g = 11102 - 6389. List the prime factors of g.
3, 1571
Suppose 0 = 5*v - 3*f - 18, 0 = -2*v - 3*v - 5*f + 10. Suppose v*p - 204 - 768 = 4*d, d = 3. Suppose 0 = 2*n - 6*n + p. List the prime factors of n.
2, 41
Let w = -50 - -53. Suppose 7*h + 4*d - 72 = w*h, 2*h - 36 = 4*d. What are the prime factors of h?
2, 3
Suppose y - 2 = -3*p, 2*p + 2*y + 0 = 4. Suppose -2*t - 2*m = -360, 0 = -2*t - p*m - m + 364. Suppose -4*l + t - 20 = 0. What are the prime factors of l?
41
Let s(t) be the third derivative of -t**4/3 - 11*t**3/6 + 13*t**2. List the prime factors of s(-5).
29
Suppose 24*o - 28*o + 2212 = 0. Suppose 3*g = -4*h + o - 144, 0 = -2*g + 4*h + 266. What are the prime factors of g?
3, 5
Let l(j) = j**2 + j - 7. Let c be l(7). Suppose -6*q = -11 - 211. Let p = c - q. List the prime factors of p.
2, 3
Suppose 15*g = 34*g - 5966. List the prime factors of g.
2, 157
Let x be (3 - -7) + -3*1 + -3. List the prime factors of 1/(((-18)/x)/(-9)).
2
List the prime factors of 1/2 - -14*(-181)/(-4).
2, 317
Let m(i) = -1 + 5 + 1 - 4 - i**2. Let h be m(-1). Suppose -68 = -4*z - h*z. What are the prime factors of z?
17
Suppose 0 = -g - 9 + 2. Let l(k) = 3*k**2 + 5*k - 3. Let u be l(g). Suppose 0*x + u = 3*x + 2*i, -72 = -2*x - i. List the prime factors of x.
5, 7
Suppose -3*r + 4 = -0*h - h, 2*h = 4*r - 4. Suppose 0*g = -h*g - 18. Let w(l) = l**3 + 8*l**2 - 13*l - 11. What are the prime factors of w(g)?
5
Suppose -4*k - 15 = -o + 18, 0 = -2*k + 2. Let a = -32 + o. List the prime factors of a.
5
Suppose -4*l = -2*r + 332, 5*l = 4*r - 375 - 292. Suppose 7*u - r = 147. List the prime factors of u.
3, 5
Suppose 2*m + 546 = 2*b + 118, 3*b - 4*m = 647. What are the prime factors of b?
11, 19
Let j(f) = -3*f + 8 + f**3 - 7*f**2 - 3 - 5*f. Let d be j(8). Suppose 0 = 6*x - 3*x + 3, 3*x + 168 = d*p. List the prime factors of p.
3, 11
Let q be (-12)/(-48) - (-38)/8. Suppose -q*d - 4*h = -6*h - 918, -5*d + 898 = 3*h. List the prime factors of d.
2, 7, 13
What are the prime factors of (663/(-6))/(10/(-20))?
13, 17
Let q = 21 - 12. Suppose -558 = 3*m - q*m. List the prime factors of m.
3, 31
Suppose 0 = -5*x + 88 - 8. Let z = 3 - x. What are the prime factors of (-2 - 0)/(2/z)?
13
Suppose -5*s = 2*g - 21, 0 = -2*s - g + 4*g + 16. Suppose 5*d = -5*v + 335, -3*v - 102 = s*d - 293. List the prime factors of v.
2, 3
Let j(p) be the third derivative of 0*p**3 - 19/24*p**4 + 0 + 3*p**2 + 0*p. What are the prime factors of j(-1)?
19
Let c be ((-2)/2)/((-1)/47). Let o = c + 5. List the prime factors of o.
2, 13
Suppose -4*y + 8*y = -128. Let v = y - -32. What are the prime factors of v - (-4 - -1)*4?
2, 3
Suppose -11 = -4*p + 5. Suppose p*x + i - 98 = 285, 0 = 2*x - 4*i - 178. List the prime factors of x.
5, 19
List the prime factors of (-228)/(-5)*(106 + 19).
2, 3, 5, 19
Let y be (6 - -23)/(-2 - -3). Suppose -5*o + 16 = 1. Suppose -o*b + 4*v + y = -26, -48 = -3*b - 3*v. What are the prime factors of b?
17
Let a be (1/3)/(7/147). Let u = -11 - a. Let q = u - -20. What are the prime factors of q?
2
Suppose -4*s + 3*m - 3 = -2*s, -4*m = 4*s - 24. What are the prime factors of -6*13*s/(-6)?
3, 13
Let h be -6*(8/32)/((-1)/314). Suppose -27*z = -30*z + h. What are the prime factors of z?
157
Let k be 11 - (-2 + -2) - 0. Suppose -12*c = -7*c - k. Suppose -2*x - 2*x - 3*m = -58, 5*x - 86 = c*m. What are the prime factors of x?
2
Let i be 112/49 + 2/(-7). Suppose -196 = -i*v - 2*v. List the prime factors of v.
7
Let i(d) = -33 + 2*d**2 + 14 - 7*d + 0*d**2. List the prime factors of i(9).
2, 5
Let w(x) be the second derivative of -2*x**3 + 7*x**2/2 - 3*x. What are the prime factors of w(-3)?
43
Let m(y) = -y**3 + 21*y**2 + 25*y - 76. Let p be m(22). What are the prime factors of (-356)/p + 38/95?
2, 3
Suppose -8*h = -3*h - 1430. Suppose 4*p = 3*w - 4*w + 284, h = w + 5*p. Suppose 0*a + 6*a - w = 0. List the prime factors of a.
2, 23
Let d be (-4)/(-7) + 2028/28. Let v = -22 + d. What are the prime factors of v?
3, 17
Let l = 113 + -79. Suppose 56 = 2*z + 4*d - l, -5*z + 4*d = -239. List the prime factors of z.
47
Let i be 1/3*(-8 - -89). Let p = 32 - i. What are the prime factors of p?
5
Suppose -9*m + 5*m = 0, 4*o - 4*m - 10260 = 0. List the prime factors of o.
3, 5, 19
List the prime factors of 118/(-2)*(-7 - (-2)/2).
2, 3, 59
Let d(u) = 47*u + 11. Let b be d(-5). What are the prime factors of ((-3)/6)/(0 + 2/b)?
2, 7
Suppose -d = 4*s - 0 - 7, -d - 11 = -5*s. Let c = s + 13. Let i = c + 5. What are the prime factors of i?
2, 5
Suppose -5964 = 189*g - 191*g. List the prime factors of g.
2, 3, 7, 71
Let s(g) = g**3 - 14*g**2 + 27*g - 32. Let m be s(12). Let r(l) be the second derivative of l**4/6 - l**3/3 - 3*l**2 + 2*l. List the prime factors of r(m).
2, 3
Suppose 0 = 4*t + i - 91, 4*i - 5*i = -2*t + 47. Let h be 6/(-4)*28/3. Let w = t - h. List the prime factors of w.
37
Let n(w) = 68*w - 29. Let s be n(18). Suppose -10*d + s = -2005. What are the prime factors of d?
2, 5
Let v(n) = n + 9. Let r be v(-9). Suppose -4*c + 12 = -r*c. Suppose 0 = 4*k + 3*a - a - 152, c*k + 3*a = 120. What are the prime factors of k?
2, 3
Suppose -10 + 0 = -2*s. Suppose 0 = -4*u - 5*y + 5, -y + 0*y = -s*u + 28. Suppose -u*x - 65 = -5*c, -c - 4*x = c - 2. What are the prime factors of c?
3
Suppose 16*x = 5*l + 14*x - 2525, -2*l + 2*x + 1016 = 0. What are the prime factors of l?
503
Suppose -u + 15 = -3*r, -4*u - 5*r - 4 = 4. Suppose 0 = -2*l - 2*v + 43 + 93, -3*v - 192 = -u*l. List the prime factors of l.
2, 3, 11
Suppose 0 = 13*g - 11531 - 26533. What are the prime factors of g?
2, 3, 61
Suppose 4*x - 4*p = 5804, -p + 1113 = x - 330. What are the prime factors of x?
1447
Suppose 2*n - 5*i - 6 = 0, -5*n + 3*n + 6 = 2*i. Let b(c) = 23*c - 8. What are the prime factors of b(n)?
61
Let r = 1526 - 955. List the prime factors of r.
571
Let h(w) = -46*w + 79. What are the prime factors of h(-13)?
677
Let h(b) = 11*b**2 + b - 13. What are the prime factors of h(4)?
167
Let w(z) = 24*z**2 + 6*z + 17. What are the prime factors of w(6)?
7, 131
Let c(b) = -37*b + 11. Let y be c(4). Let z = 2 - y. List the prime factors of z.
139
List the prime factors of 5*(154 + 10) + -1*5.
5, 163
List the prime factors of 432/3*3/2.
2, 3
Let c(f) = -f**2 + 7*f + 10. Let p be c(8). Suppose -k = 3*l - 0 - 17, p*l + 3*k = 9. Let r(w) = 4*w. What are the prime factors of r(l)?
2, 3
Let v(n) = -15*n + 12. Let t(f) = 15*f - 13. Let u(i) = 5*t(i) + 4*v(i). List the prime factors of u(22).
313
Let p(h) = -h**3 - 38*h**2 - 74*h + 151. List the prime factors of p(-38).
2963
Let f be (-30)/25*(-30)/9. Suppose -f*b + 218 = 2*j, -b + j - 57 = -2*b. What are the prime factors of b?
2, 13
Let i = -35 + 70. Let k = -4 + i. List the prime factors of k.
31
Suppose -3*r - 3*l + 306 = 2*r, -2*r - 3*l = -126. Suppose 14*v = 11*v + r. List the prime factors of v.
2, 5
Suppose -5*k - 4*g = -23, k = 4*k - g - 7. What are the prime factors of 3/(36/(-428))*(0 - k)?
107
Let z = 16 - 14. Suppose -3*n + 2*b + 165 = -z*b, 4*b - 189 = -3*n. List the prime factors of n.
59
Let u(v) = 24*v + 42. What are the prime factors of u(16)?
2, 3, 71
Let b = 12 + -7. Let x(n) = -2*n + 15. Let z be x(5). What are the prime factors of 3*z - (b + -6)?
2
Let l(g) = -g**3 - g**2 + 3*g + 2. Let t be l(-2). Let b(r) = r**2 + 5. Let k be b(t). Suppose -2*j = -k*j + 27. What are the prime factors of j?
3
Suppose g + g - 1370 = f, -4*g = 4*f - 2764. What are the prime factors of g?
3, 229
Let h(u) be the third derivative of -2/15*u**5 + 0*u - 1/120*u**6 - u**3 - 5/24*u**4 + 0 - 4*u**2. List the prime factors of h(-8).
2, 17
Let s(b) be the second derivative of -8*b + 7/12*b**4 + 1/2*b**2 + 0 + 0*b**3.